{"id":3,"date":"2020-02-05T16:34:15","date_gmt":"2020-02-05T16:34:15","guid":{"rendered":"https:\/\/thoffi.info\/?page_id=3"},"modified":"2023-09-02T18:23:03","modified_gmt":"2023-09-02T18:23:03","slug":"privacy-policy","status":"publish","type":"page","link":"https:\/\/thoffi.info\/index.php\/privacy-policy\/","title":{"rendered":"Polityka Prywatno\u015bci"},"content":{"rendered":"\n<p><strong>Polityka prywatno\u015bci<\/strong><\/p>\n\n\n\n<ol class=\"wp-block-list\">\n<li>Administratorem danych osobowych Klient\u00f3w, zbieranych za  po\u015brednictwem Sklepu internetowego, umieszczonego pod adresem  www.thoffi.info jest: Tomasz Hoffmann, ul.Prosta 8, 30-199 Rz\u0105ska, e-mail  thoffi@poczta.wp.pl<\/li>\n<\/ol>\n\n\n\n<p>Dane osobowe Klient\u00f3w zbierane s\u0105 w celu \nrealizacji Umowy Sprzeda\u017cy, a je\u017celi Klient wyrazi na to zgod\u0119 \u2013 tak\u017ce w\n celu marketingowym. <\/p>\n\n\n\n<p>Przekazane od Klient\u00f3w dane s\u0105 przetwarzane na podstawie <strong>art. 6 ust. 1 lit. b)<\/strong> i <strong>f) RODO<\/strong>\n w celu realizacji zam\u00f3wienia, wysy\u0142ki towaru i podpisania umowy oraz \nwype\u0142nienia obowi\u0105zku prawnego ci\u0105\u017c\u0105cego na Administratorze, \nnp.wystawieniu faktury <\/p>\n\n\n\n<p>Administrator gromadzi dane osobowe Klient\u00f3w w postaci:<\/p>\n\n\n\n<p>\u2013 nazwa podmiotu\/ imi\u0119 i nazwisko,<\/p>\n\n\n\n<p>\u2013 adres ,<\/p>\n\n\n\n<p>\u2013 numery telefon\u00f3w, adresy mailowe,<\/p>\n\n\n\n<p>-numer nip w przypadku innych przedsi\u0119biorc\u00f3w dla kt\u00f3rych s\u0105 wystawiane faktury.<\/p>\n\n\n\n<p><\/p>\n\n\n\n<p>Odbiorcami danych osobowych Klient\u00f3w Sklepu internetowego mog\u0105 by\u0107: <\/p>\n\n\n\n<p>Operatorzy us\u0142ug pocztowych lub kurierskich<\/p>\n\n\n\n<ol class=\"wp-block-list\">\n<li>W przypadku Klienta, kt\u00f3ry korzysta w \nSklepie internetowym ze sposobu p\u0142atno\u015bci elektronicznych lub kart\u0105 \np\u0142atnicz\u0105 Administrator udost\u0119pnia zebrane dane osobowe Klienta, \nwybranemu podmiotowi obs\u0142uguj\u0105cemu powy\u017csze p\u0142atno\u015bci w Sklepie \ninternetowym.<\/li>\n\n\n\n<li>Dostawcy us\u0142ug ksi\u0119gowych i informatycznych. <\/li>\n<\/ol>\n\n\n\n<p><\/p>\n\n\n\n<p>Sklep korzysta z us\u0142ug  statystycznych (np. Google Analytics). Dochowujemy wszelkich stara\u0144,  \u017ceby dane klienta by\u0142y bezpieczne i nie udost\u0119pniamy ich \u017cadnym innym  podmiotom niezwi\u0105zanym z funkcjonalno\u015bci\u0105 serwisu. U\u017cywamy plik\u00f3w  cookies w celu monitorowania statystyk odwiedzin strony.<\/p>\n\n\n\n<p>Klient ma prawo dost\u0119pu do swoich  danych, jak r\u00f3wnie\u017c prawo do ich edycji lub usuni\u0119cia oraz cofni\u0119cia  zgody na ich przetwarzanie. W razie jakichkolwiek w\u0105tpliwo\u015bci prosimy o  kontakt, a odpowiemy na\u00a0wszystkie pytania w tym zakresie. <\/p>\n\n\n\n<p> Podanie danych osobowych jest  dobrowolne, aczkolwiek niepodanie wskazanych w Regulaminie danych  osobowych niezb\u0119dnych do zawarcia Umowy Sprzeda\u017cy skutkuje brakiem  mo\u017cliwo\u015bci zawarcia tej\u017ce umowy. <\/p>\n","protected":false},"excerpt":{"rendered":"<p>Polityka prywatno\u015bci Dane osobowe Klient\u00f3w zbierane s\u0105 w celu realizacji Umowy Sprzeda\u017cy, a je\u017celi Klient wyrazi na to zgod\u0119 \u2013 tak\u017ce w celu marketingowym. Przekazane [&hellip;]<\/p>\n","protected":false},"author":1,"featured_media":0,"parent":0,"menu_order":0,"comment_status":"closed","ping_status":"open","template":"","meta":{"footnotes":""},"class_list":["post-3","page","type-page","status-publish","hentry"],"jetpack_sharing_enabled":true,"_links":{"self":[{"href":"https:\/\/thoffi.info\/index.php\/wp-json\/wp\/v2\/pages\/3","targetHints":{"allow":["GET"]}}],"collection":[{"href":"https:\/\/thoffi.info\/index.php\/wp-json\/wp\/v2\/pages"}],"about":[{"href":"https:\/\/thoffi.info\/index.php\/wp-json\/wp\/v2\/types\/page"}],"author":[{"embeddable":true,"href":"https:\/\/thoffi.info\/index.php\/wp-json\/wp\/v2\/users\/1"}],"replies":[{"embeddable":true,"href":"https:\/\/thoffi.info\/index.php\/wp-json\/wp\/v2\/comments?post=3"}],"version-history":[{"count":2,"href":"https:\/\/thoffi.info\/index.php\/wp-json\/wp\/v2\/pages\/3\/revisions"}],"predecessor-version":[{"id":3854,"href":"https:\/\/thoffi.info\/index.php\/wp-json\/wp\/v2\/pages\/3\/revisions\/3854"}],"wp:attachment":[{"href":"https:\/\/thoffi.info\/index.php\/wp-json\/wp\/v2\/media?parent=3"}],"curies":[{"name":"wp","href":"https:\/\/api.w.org\/{rel}","templated":true}]}}